{"id":6,"date":"2023-04-22T15:40:04","date_gmt":"2023-04-22T13:40:04","guid":{"rendered":"http:\/\/jungmann-metall.de\/?page_id=6"},"modified":"2023-05-08T10:05:53","modified_gmt":"2023-05-08T08:05:53","slug":"metallbau","status":"publish","type":"page","link":"http:\/\/jungmann-metall.de\/index.php\/metallbau\/","title":{"rendered":"Metallbau"},"content":{"rendered":"\n<figure class=\"wp-block-image size-large is-resized\"><img loading=\"lazy\" decoding=\"async\" src=\"http:\/\/jungmann-metall.de\/wp-content\/uploads\/2023\/05\/metallbau_bsp2-1030x165.png\" alt=\"\" class=\"wp-image-2194\" width=\"1139\" height=\"182\" srcset=\"http:\/\/jungmann-metall.de\/wp-content\/uploads\/2023\/05\/metallbau_bsp2-1030x165.png 1030w, http:\/\/jungmann-metall.de\/wp-content\/uploads\/2023\/05\/metallbau_bsp2-300x48.png 300w, http:\/\/jungmann-metall.de\/wp-content\/uploads\/2023\/05\/metallbau_bsp2-768x123.png 768w, http:\/\/jungmann-metall.de\/wp-content\/uploads\/2023\/05\/metallbau_bsp2-1536x245.png 1536w, http:\/\/jungmann-metall.de\/wp-content\/uploads\/2023\/05\/metallbau_bsp2-2048x327.png 2048w\" sizes=\"auto, (max-width: 1139px) 100vw, 1139px\" \/><\/figure>\n\n\n\n<h1 class=\"wp-block-heading\"><strong>Sie planen gerade ein Tor, ein Gel\u00e4nder oder eine \u00dcberdachung? Dann lassen Sie den Funken zu uns \u00fcberspringen. Individuelle L\u00f6sungen sind unsere St\u00e4rke.<\/strong><\/h1>\n\n\n\n<h2 class=\"wp-block-heading\" style=\"text-transform:uppercase\"><strong>T\u00fcren und Tore<\/strong><\/h2>\n\n\n\n<h2 class=\"wp-block-heading\">Der Eingang in Ihr Haus ist Ihre Visitenkarte. Funktionalit\u00e4t und \u00c4sthetik gehen Hand in Hand. Das Schloss \u00f6ffnet sich leicht, ob mechanisch oder elektrisch. JUNGMANN \u00fcbernimmt auch Reparaturen oder den Austausch von Federn f\u00fcr Garagentore.<\/h2>\n\n\n\n<figure class=\"wp-block-gallery has-nested-images columns-default is-cropped wp-block-gallery-1 is-layout-flex wp-block-gallery-is-layout-flex\">\n<figure class=\"wp-block-image size-large\"><img loading=\"lazy\" decoding=\"async\" width=\"1030\" height=\"773\" data-id=\"2081\" src=\"http:\/\/jungmann-metall.de\/wp-content\/uploads\/2023\/04\/IMG_1435-1-1030x773.jpg\" alt=\"\" class=\"wp-image-2081\" srcset=\"http:\/\/jungmann-metall.de\/wp-content\/uploads\/2023\/04\/IMG_1435-1-1030x773.jpg 1030w, http:\/\/jungmann-metall.de\/wp-content\/uploads\/2023\/04\/IMG_1435-1-300x225.jpg 300w, http:\/\/jungmann-metall.de\/wp-content\/uploads\/2023\/04\/IMG_1435-1-768x576.jpg 768w, http:\/\/jungmann-metall.de\/wp-content\/uploads\/2023\/04\/IMG_1435-1-1536x1152.jpg 1536w, http:\/\/jungmann-metall.de\/wp-content\/uploads\/2023\/04\/IMG_1435-1-2048x1536.jpg 2048w, http:\/\/jungmann-metall.de\/wp-content\/uploads\/2023\/04\/IMG_1435-1-1500x1125.jpg 1500w, http:\/\/jungmann-metall.de\/wp-content\/uploads\/2023\/04\/IMG_1435-1-705x529.jpg 705w\" sizes=\"auto, (max-width: 1030px) 100vw, 1030px\" \/><\/figure>\n\n\n\n<figure class=\"wp-block-image size-large\"><img loading=\"lazy\" decoding=\"async\" width=\"773\" height=\"1030\" data-id=\"2079\" src=\"http:\/\/jungmann-metall.de\/wp-content\/uploads\/2023\/04\/IMG_0734-1-1-773x1030.jpg\" alt=\"\" class=\"wp-image-2079\" srcset=\"http:\/\/jungmann-metall.de\/wp-content\/uploads\/2023\/04\/IMG_0734-1-1-773x1030.jpg 773w, http:\/\/jungmann-metall.de\/wp-content\/uploads\/2023\/04\/IMG_0734-1-1-225x300.jpg 225w, http:\/\/jungmann-metall.de\/wp-content\/uploads\/2023\/04\/IMG_0734-1-1-768x1024.jpg 768w, http:\/\/jungmann-metall.de\/wp-content\/uploads\/2023\/04\/IMG_0734-1-1-1152x1536.jpg 1152w, http:\/\/jungmann-metall.de\/wp-content\/uploads\/2023\/04\/IMG_0734-1-1-1125x1500.jpg 1125w, http:\/\/jungmann-metall.de\/wp-content\/uploads\/2023\/04\/IMG_0734-1-1-529x705.jpg 529w, http:\/\/jungmann-metall.de\/wp-content\/uploads\/2023\/04\/IMG_0734-1-1.jpg 1536w\" sizes=\"auto, (max-width: 773px) 100vw, 773px\" \/><\/figure>\n\n\n\n<figure class=\"wp-block-image size-large\"><img loading=\"lazy\" decoding=\"async\" width=\"1030\" height=\"773\" data-id=\"2086\" src=\"http:\/\/jungmann-metall.de\/wp-content\/uploads\/2023\/04\/DSC03251-1030x773.jpg\" alt=\"\" class=\"wp-image-2086\" srcset=\"http:\/\/jungmann-metall.de\/wp-content\/uploads\/2023\/04\/DSC03251-1030x773.jpg 1030w, http:\/\/jungmann-metall.de\/wp-content\/uploads\/2023\/04\/DSC03251-300x225.jpg 300w, http:\/\/jungmann-metall.de\/wp-content\/uploads\/2023\/04\/DSC03251-768x576.jpg 768w, http:\/\/jungmann-metall.de\/wp-content\/uploads\/2023\/04\/DSC03251-1536x1152.jpg 1536w, http:\/\/jungmann-metall.de\/wp-content\/uploads\/2023\/04\/DSC03251-2048x1536.jpg 2048w, http:\/\/jungmann-metall.de\/wp-content\/uploads\/2023\/04\/DSC03251-1500x1125.jpg 1500w, http:\/\/jungmann-metall.de\/wp-content\/uploads\/2023\/04\/DSC03251-705x529.jpg 705w\" sizes=\"auto, (max-width: 1030px) 100vw, 1030px\" \/><\/figure>\n\n\n\n<figure class=\"wp-block-image size-large\"><img loading=\"lazy\" decoding=\"async\" width=\"1030\" height=\"773\" data-id=\"2083\" src=\"http:\/\/jungmann-metall.de\/wp-content\/uploads\/2023\/04\/Tueranlage-1-1030x773.jpg\" alt=\"\" class=\"wp-image-2083\" srcset=\"http:\/\/jungmann-metall.de\/wp-content\/uploads\/2023\/04\/Tueranlage-1-1030x773.jpg 1030w, http:\/\/jungmann-metall.de\/wp-content\/uploads\/2023\/04\/Tueranlage-1-300x225.jpg 300w, http:\/\/jungmann-metall.de\/wp-content\/uploads\/2023\/04\/Tueranlage-1-768x576.jpg 768w, http:\/\/jungmann-metall.de\/wp-content\/uploads\/2023\/04\/Tueranlage-1-1536x1152.jpg 1536w, http:\/\/jungmann-metall.de\/wp-content\/uploads\/2023\/04\/Tueranlage-1-2048x1536.jpg 2048w, http:\/\/jungmann-metall.de\/wp-content\/uploads\/2023\/04\/Tueranlage-1-1500x1125.jpg 1500w, http:\/\/jungmann-metall.de\/wp-content\/uploads\/2023\/04\/Tueranlage-1-705x529.jpg 705w\" sizes=\"auto, (max-width: 1030px) 100vw, 1030px\" \/><\/figure>\n\n\n\n<figure class=\"wp-block-image size-large\"><img loading=\"lazy\" decoding=\"async\" width=\"1030\" height=\"773\" data-id=\"2082\" src=\"http:\/\/jungmann-metall.de\/wp-content\/uploads\/2023\/04\/IMG_1928-1-1030x773.jpg\" alt=\"\" class=\"wp-image-2082\" srcset=\"http:\/\/jungmann-metall.de\/wp-content\/uploads\/2023\/04\/IMG_1928-1-1030x773.jpg 1030w, http:\/\/jungmann-metall.de\/wp-content\/uploads\/2023\/04\/IMG_1928-1-300x225.jpg 300w, http:\/\/jungmann-metall.de\/wp-content\/uploads\/2023\/04\/IMG_1928-1-768x576.jpg 768w, http:\/\/jungmann-metall.de\/wp-content\/uploads\/2023\/04\/IMG_1928-1-1536x1152.jpg 1536w, http:\/\/jungmann-metall.de\/wp-content\/uploads\/2023\/04\/IMG_1928-1-2048x1536.jpg 2048w, http:\/\/jungmann-metall.de\/wp-content\/uploads\/2023\/04\/IMG_1928-1-1500x1125.jpg 1500w, http:\/\/jungmann-metall.de\/wp-content\/uploads\/2023\/04\/IMG_1928-1-705x529.jpg 705w\" sizes=\"auto, (max-width: 1030px) 100vw, 1030px\" \/><\/figure>\n\n\n\n<figure class=\"wp-block-image size-large\"><img loading=\"lazy\" decoding=\"async\" width=\"1030\" height=\"773\" data-id=\"2078\" src=\"http:\/\/jungmann-metall.de\/wp-content\/uploads\/2023\/04\/IMG_0175-1-1030x773.jpg\" alt=\"\" class=\"wp-image-2078\" srcset=\"http:\/\/jungmann-metall.de\/wp-content\/uploads\/2023\/04\/IMG_0175-1-1030x773.jpg 1030w, http:\/\/jungmann-metall.de\/wp-content\/uploads\/2023\/04\/IMG_0175-1-300x225.jpg 300w, http:\/\/jungmann-metall.de\/wp-content\/uploads\/2023\/04\/IMG_0175-1-768x576.jpg 768w, http:\/\/jungmann-metall.de\/wp-content\/uploads\/2023\/04\/IMG_0175-1-1536x1152.jpg 1536w, http:\/\/jungmann-metall.de\/wp-content\/uploads\/2023\/04\/IMG_0175-1-2048x1536.jpg 2048w, http:\/\/jungmann-metall.de\/wp-content\/uploads\/2023\/04\/IMG_0175-1-1500x1125.jpg 1500w, http:\/\/jungmann-metall.de\/wp-content\/uploads\/2023\/04\/IMG_0175-1-705x529.jpg 705w\" sizes=\"auto, (max-width: 1030px) 100vw, 1030px\" \/><\/figure>\n<\/figure>\n\n\n\n<h2 class=\"wp-block-heading\" style=\"text-transform:uppercase\"><strong>Gel\u00e4nder und Handl\u00e4ufe<\/strong><br><\/h2>\n\n\n\n<h2 class=\"wp-block-heading\">Gel\u00e4nder und Z\u00e4une sind Teil eines Raumkonzeptes \u2013 dienen sie der Abgrenzung mit eingelassenen Glasscheiben oder sind sie eher luftig? Fragen, die wir gerne mit Ihnen gemeinsam beantworten, um dann ans Werk zu gehen.<\/h2>\n\n\n\n<p><\/p>\n\n\n\n<figure class=\"wp-block-gallery has-nested-images columns-default is-cropped wp-block-gallery-2 is-layout-flex wp-block-gallery-is-layout-flex\">\n<figure class=\"wp-block-image size-large\"><img loading=\"lazy\" decoding=\"async\" width=\"1030\" height=\"773\" data-id=\"2087\" src=\"http:\/\/jungmann-metall.de\/wp-content\/uploads\/2023\/04\/Gelaender_Wiesbaden-1030x773.jpg\" alt=\"\" class=\"wp-image-2087\" srcset=\"http:\/\/jungmann-metall.de\/wp-content\/uploads\/2023\/04\/Gelaender_Wiesbaden-1030x773.jpg 1030w, http:\/\/jungmann-metall.de\/wp-content\/uploads\/2023\/04\/Gelaender_Wiesbaden-300x225.jpg 300w, http:\/\/jungmann-metall.de\/wp-content\/uploads\/2023\/04\/Gelaender_Wiesbaden-768x576.jpg 768w, http:\/\/jungmann-metall.de\/wp-content\/uploads\/2023\/04\/Gelaender_Wiesbaden-1536x1152.jpg 1536w, http:\/\/jungmann-metall.de\/wp-content\/uploads\/2023\/04\/Gelaender_Wiesbaden-2048x1536.jpg 2048w, http:\/\/jungmann-metall.de\/wp-content\/uploads\/2023\/04\/Gelaender_Wiesbaden-1500x1125.jpg 1500w, http:\/\/jungmann-metall.de\/wp-content\/uploads\/2023\/04\/Gelaender_Wiesbaden-705x529.jpg 705w\" sizes=\"auto, (max-width: 1030px) 100vw, 1030px\" \/><\/figure>\n\n\n\n<figure class=\"wp-block-image size-large\"><img loading=\"lazy\" decoding=\"async\" width=\"1030\" height=\"773\" data-id=\"2066\" src=\"http:\/\/jungmann-metall.de\/wp-content\/uploads\/2023\/04\/Header-2-1030x773.jpg\" alt=\"\" class=\"wp-image-2066\" srcset=\"http:\/\/jungmann-metall.de\/wp-content\/uploads\/2023\/04\/Header-2-1030x773.jpg 1030w, http:\/\/jungmann-metall.de\/wp-content\/uploads\/2023\/04\/Header-2-300x225.jpg 300w, http:\/\/jungmann-metall.de\/wp-content\/uploads\/2023\/04\/Header-2-768x576.jpg 768w, http:\/\/jungmann-metall.de\/wp-content\/uploads\/2023\/04\/Header-2-1536x1152.jpg 1536w, http:\/\/jungmann-metall.de\/wp-content\/uploads\/2023\/04\/Header-2-2048x1536.jpg 2048w, http:\/\/jungmann-metall.de\/wp-content\/uploads\/2023\/04\/Header-2-1500x1125.jpg 1500w, http:\/\/jungmann-metall.de\/wp-content\/uploads\/2023\/04\/Header-2-705x529.jpg 705w\" sizes=\"auto, (max-width: 1030px) 100vw, 1030px\" \/><\/figure>\n\n\n\n<figure class=\"wp-block-image size-large\"><img loading=\"lazy\" decoding=\"async\" width=\"1030\" height=\"773\" data-id=\"2090\" src=\"http:\/\/jungmann-metall.de\/wp-content\/uploads\/2023\/04\/IMG_4417-1030x773.jpg\" alt=\"\" class=\"wp-image-2090\" srcset=\"http:\/\/jungmann-metall.de\/wp-content\/uploads\/2023\/04\/IMG_4417-1030x773.jpg 1030w, http:\/\/jungmann-metall.de\/wp-content\/uploads\/2023\/04\/IMG_4417-300x225.jpg 300w, http:\/\/jungmann-metall.de\/wp-content\/uploads\/2023\/04\/IMG_4417-768x576.jpg 768w, http:\/\/jungmann-metall.de\/wp-content\/uploads\/2023\/04\/IMG_4417-1536x1152.jpg 1536w, http:\/\/jungmann-metall.de\/wp-content\/uploads\/2023\/04\/IMG_4417-2048x1536.jpg 2048w, http:\/\/jungmann-metall.de\/wp-content\/uploads\/2023\/04\/IMG_4417-1500x1125.jpg 1500w, http:\/\/jungmann-metall.de\/wp-content\/uploads\/2023\/04\/IMG_4417-705x529.jpg 705w\" sizes=\"auto, (max-width: 1030px) 100vw, 1030px\" \/><\/figure>\n\n\n\n<figure class=\"wp-block-image size-large\"><img loading=\"lazy\" decoding=\"async\" width=\"1030\" height=\"773\" data-id=\"2085\" src=\"http:\/\/jungmann-metall.de\/wp-content\/uploads\/2023\/04\/DSC02332-1030x773.jpg\" alt=\"\" class=\"wp-image-2085\" srcset=\"http:\/\/jungmann-metall.de\/wp-content\/uploads\/2023\/04\/DSC02332-1030x773.jpg 1030w, http:\/\/jungmann-metall.de\/wp-content\/uploads\/2023\/04\/DSC02332-300x225.jpg 300w, http:\/\/jungmann-metall.de\/wp-content\/uploads\/2023\/04\/DSC02332-768x576.jpg 768w, http:\/\/jungmann-metall.de\/wp-content\/uploads\/2023\/04\/DSC02332-1536x1152.jpg 1536w, http:\/\/jungmann-metall.de\/wp-content\/uploads\/2023\/04\/DSC02332-2048x1536.jpg 2048w, http:\/\/jungmann-metall.de\/wp-content\/uploads\/2023\/04\/DSC02332-1500x1125.jpg 1500w, http:\/\/jungmann-metall.de\/wp-content\/uploads\/2023\/04\/DSC02332-705x529.jpg 705w\" sizes=\"auto, (max-width: 1030px) 100vw, 1030px\" \/><\/figure>\n\n\n\n<figure class=\"wp-block-image size-large\"><img loading=\"lazy\" decoding=\"async\" width=\"773\" height=\"1030\" data-id=\"2208\" src=\"http:\/\/jungmann-metall.de\/wp-content\/uploads\/2023\/05\/IMG_1005-773x1030.jpg\" alt=\"\" class=\"wp-image-2208\" srcset=\"http:\/\/jungmann-metall.de\/wp-content\/uploads\/2023\/05\/IMG_1005-773x1030.jpg 773w, http:\/\/jungmann-metall.de\/wp-content\/uploads\/2023\/05\/IMG_1005-225x300.jpg 225w, http:\/\/jungmann-metall.de\/wp-content\/uploads\/2023\/05\/IMG_1005-768x1024.jpg 768w, http:\/\/jungmann-metall.de\/wp-content\/uploads\/2023\/05\/IMG_1005-1152x1536.jpg 1152w, http:\/\/jungmann-metall.de\/wp-content\/uploads\/2023\/05\/IMG_1005.jpg 1536w\" sizes=\"auto, (max-width: 773px) 100vw, 773px\" \/><\/figure>\n<\/figure>\n\n\n\n<h2 class=\"wp-block-heading\" style=\"text-transform:uppercase\"><strong>Balkone und Treppen<\/strong><\/h2>\n\n\n\n<h2 class=\"wp-block-heading\">Vor allem bei Treppen zeigt sich: Metall ist robuster als Holz oder Steinfliesen und wesentlich pflegeleichter. Wir arbeiten aber auch gerne mit unseren Kollegen zusammen.<\/h2>\n\n\n\n<figure class=\"wp-block-gallery has-nested-images columns-default is-cropped wp-block-gallery-3 is-layout-flex wp-block-gallery-is-layout-flex\">\n<figure class=\"wp-block-image size-large\"><img loading=\"lazy\" decoding=\"async\" width=\"773\" height=\"1030\" data-id=\"2206\" src=\"http:\/\/jungmann-metall.de\/wp-content\/uploads\/2023\/05\/IMG_1154-773x1030.jpg\" alt=\"\" class=\"wp-image-2206\" srcset=\"http:\/\/jungmann-metall.de\/wp-content\/uploads\/2023\/05\/IMG_1154-773x1030.jpg 773w, http:\/\/jungmann-metall.de\/wp-content\/uploads\/2023\/05\/IMG_1154-225x300.jpg 225w, http:\/\/jungmann-metall.de\/wp-content\/uploads\/2023\/05\/IMG_1154-768x1024.jpg 768w, http:\/\/jungmann-metall.de\/wp-content\/uploads\/2023\/05\/IMG_1154-1152x1536.jpg 1152w, http:\/\/jungmann-metall.de\/wp-content\/uploads\/2023\/05\/IMG_1154.jpg 1536w\" sizes=\"auto, (max-width: 773px) 100vw, 773px\" \/><\/figure>\n\n\n\n<figure class=\"wp-block-image size-large\"><img loading=\"lazy\" decoding=\"async\" width=\"1030\" height=\"773\" data-id=\"2207\" src=\"http:\/\/jungmann-metall.de\/wp-content\/uploads\/2023\/05\/IMG_1657-1030x773.jpg\" alt=\"\" class=\"wp-image-2207\" srcset=\"http:\/\/jungmann-metall.de\/wp-content\/uploads\/2023\/05\/IMG_1657-1030x773.jpg 1030w, http:\/\/jungmann-metall.de\/wp-content\/uploads\/2023\/05\/IMG_1657-300x225.jpg 300w, http:\/\/jungmann-metall.de\/wp-content\/uploads\/2023\/05\/IMG_1657-768x576.jpg 768w, http:\/\/jungmann-metall.de\/wp-content\/uploads\/2023\/05\/IMG_1657-1536x1152.jpg 1536w, http:\/\/jungmann-metall.de\/wp-content\/uploads\/2023\/05\/IMG_1657.jpg 2048w\" sizes=\"auto, (max-width: 1030px) 100vw, 1030px\" \/><\/figure>\n<\/figure>\n\n\n\n<h2 class=\"wp-block-heading\" style=\"text-transform:uppercase\"><strong>Vord\u00e4cher und Carports<\/strong><\/h2>\n\n\n\n<h2 class=\"wp-block-heading\">Ob komplett aus Metall oder nur das Ger\u00fcst f\u00fcr Holz- und Glaselemente JUNGMANN ist ein souver\u00e4ner Begleiter f\u00fcr Carports und Vord\u00e4cher. Wir planen genau und setzen Ihre W\u00fcnsche schnell und zuverl\u00e4ssig um.<\/h2>\n\n\n\n<figure class=\"wp-block-gallery has-nested-images columns-default is-cropped wp-block-gallery-4 is-layout-flex wp-block-gallery-is-layout-flex\">\n<figure class=\"wp-block-image size-large\"><img loading=\"lazy\" decoding=\"async\" width=\"1030\" height=\"773\" data-id=\"2211\" src=\"http:\/\/jungmann-metall.de\/wp-content\/uploads\/2023\/05\/IMG_1186-1030x773.jpg\" alt=\"\" class=\"wp-image-2211\" srcset=\"http:\/\/jungmann-metall.de\/wp-content\/uploads\/2023\/05\/IMG_1186-1030x773.jpg 1030w, http:\/\/jungmann-metall.de\/wp-content\/uploads\/2023\/05\/IMG_1186-300x225.jpg 300w, http:\/\/jungmann-metall.de\/wp-content\/uploads\/2023\/05\/IMG_1186-768x576.jpg 768w, http:\/\/jungmann-metall.de\/wp-content\/uploads\/2023\/05\/IMG_1186-1536x1152.jpg 1536w, http:\/\/jungmann-metall.de\/wp-content\/uploads\/2023\/05\/IMG_1186.jpg 2048w\" sizes=\"auto, (max-width: 1030px) 100vw, 1030px\" \/><\/figure>\n\n\n\n<figure class=\"wp-block-image size-large\"><img loading=\"lazy\" decoding=\"async\" width=\"773\" height=\"1030\" data-id=\"2209\" src=\"http:\/\/jungmann-metall.de\/wp-content\/uploads\/2023\/05\/IMG_1301-773x1030.jpg\" alt=\"\" class=\"wp-image-2209\" srcset=\"http:\/\/jungmann-metall.de\/wp-content\/uploads\/2023\/05\/IMG_1301-773x1030.jpg 773w, http:\/\/jungmann-metall.de\/wp-content\/uploads\/2023\/05\/IMG_1301-225x300.jpg 225w, http:\/\/jungmann-metall.de\/wp-content\/uploads\/2023\/05\/IMG_1301-768x1024.jpg 768w, http:\/\/jungmann-metall.de\/wp-content\/uploads\/2023\/05\/IMG_1301-1152x1536.jpg 1152w, http:\/\/jungmann-metall.de\/wp-content\/uploads\/2023\/05\/IMG_1301.jpg 1536w\" sizes=\"auto, (max-width: 773px) 100vw, 773px\" \/><\/figure>\n\n\n\n<figure class=\"wp-block-image size-large\"><img loading=\"lazy\" decoding=\"async\" width=\"1030\" height=\"773\" data-id=\"2212\" src=\"http:\/\/jungmann-metall.de\/wp-content\/uploads\/2023\/05\/IMG_1897-1030x773.jpg\" alt=\"\" class=\"wp-image-2212\" srcset=\"http:\/\/jungmann-metall.de\/wp-content\/uploads\/2023\/05\/IMG_1897-1030x773.jpg 1030w, http:\/\/jungmann-metall.de\/wp-content\/uploads\/2023\/05\/IMG_1897-300x225.jpg 300w, http:\/\/jungmann-metall.de\/wp-content\/uploads\/2023\/05\/IMG_1897-768x576.jpg 768w, http:\/\/jungmann-metall.de\/wp-content\/uploads\/2023\/05\/IMG_1897-1536x1152.jpg 1536w, http:\/\/jungmann-metall.de\/wp-content\/uploads\/2023\/05\/IMG_1897-2048x1536.jpg 2048w\" sizes=\"auto, (max-width: 1030px) 100vw, 1030px\" \/><\/figure>\n\n\n\n<figure class=\"wp-block-image size-large\"><img loading=\"lazy\" decoding=\"async\" width=\"1030\" height=\"773\" data-id=\"2210\" src=\"http:\/\/jungmann-metall.de\/wp-content\/uploads\/2023\/05\/IMG_3792-1030x773.jpg\" alt=\"\" class=\"wp-image-2210\" srcset=\"http:\/\/jungmann-metall.de\/wp-content\/uploads\/2023\/05\/IMG_3792-1030x773.jpg 1030w, http:\/\/jungmann-metall.de\/wp-content\/uploads\/2023\/05\/IMG_3792-300x225.jpg 300w, http:\/\/jungmann-metall.de\/wp-content\/uploads\/2023\/05\/IMG_3792-768x576.jpg 768w, http:\/\/jungmann-metall.de\/wp-content\/uploads\/2023\/05\/IMG_3792-1536x1152.jpg 1536w, http:\/\/jungmann-metall.de\/wp-content\/uploads\/2023\/05\/IMG_3792-2048x1536.jpg 2048w\" sizes=\"auto, (max-width: 1030px) 100vw, 1030px\" \/><\/figure>\n<\/figure>\n\n\n\n<h2 class=\"wp-block-heading\" style=\"text-transform:uppercase\"><strong>Metall weiter gedacht<\/strong><\/h2>\n\n\n\n<h2 class=\"wp-block-heading\">Lichteinfassungen f\u00fcr die Decke oder Beeteinfassungen f\u00fcr den Garten k\u00f6nnen auch aus Metall sein. Genauso wie Regale, Tischbeine und Kommoden. JUNGMANN gestaltet Metall, macht Ihre Umgebung wertiger.<\/h2>\n\n\n\n<figure class=\"wp-block-gallery has-nested-images columns-default is-cropped wp-block-gallery-5 is-layout-flex wp-block-gallery-is-layout-flex\">\n<figure class=\"wp-block-image size-large\"><img loading=\"lazy\" decoding=\"async\" width=\"1030\" height=\"688\" data-id=\"2218\" src=\"http:\/\/jungmann-metall.de\/wp-content\/uploads\/2023\/05\/DSC00678-1030x688.jpg\" alt=\"\" class=\"wp-image-2218\" srcset=\"http:\/\/jungmann-metall.de\/wp-content\/uploads\/2023\/05\/DSC00678-1030x688.jpg 1030w, http:\/\/jungmann-metall.de\/wp-content\/uploads\/2023\/05\/DSC00678-300x200.jpg 300w, http:\/\/jungmann-metall.de\/wp-content\/uploads\/2023\/05\/DSC00678-768x513.jpg 768w, http:\/\/jungmann-metall.de\/wp-content\/uploads\/2023\/05\/DSC00678-1536x1026.jpg 1536w, http:\/\/jungmann-metall.de\/wp-content\/uploads\/2023\/05\/DSC00678-2048x1368.jpg 2048w\" sizes=\"auto, (max-width: 1030px) 100vw, 1030px\" \/><\/figure>\n\n\n\n<figure class=\"wp-block-image size-large\"><img loading=\"lazy\" decoding=\"async\" width=\"1030\" height=\"773\" data-id=\"2219\" src=\"http:\/\/jungmann-metall.de\/wp-content\/uploads\/2023\/05\/DSC02338-1030x773.jpg\" alt=\"\" class=\"wp-image-2219\" srcset=\"http:\/\/jungmann-metall.de\/wp-content\/uploads\/2023\/05\/DSC02338-1030x773.jpg 1030w, http:\/\/jungmann-metall.de\/wp-content\/uploads\/2023\/05\/DSC02338-300x225.jpg 300w, http:\/\/jungmann-metall.de\/wp-content\/uploads\/2023\/05\/DSC02338-768x576.jpg 768w, http:\/\/jungmann-metall.de\/wp-content\/uploads\/2023\/05\/DSC02338-1536x1152.jpg 1536w, http:\/\/jungmann-metall.de\/wp-content\/uploads\/2023\/05\/DSC02338-2048x1536.jpg 2048w\" sizes=\"auto, (max-width: 1030px) 100vw, 1030px\" \/><\/figure>\n\n\n\n<figure class=\"wp-block-image size-large\"><img loading=\"lazy\" decoding=\"async\" width=\"1030\" height=\"773\" data-id=\"2215\" src=\"http:\/\/jungmann-metall.de\/wp-content\/uploads\/2023\/05\/IMG_0638-1030x773.jpg\" alt=\"\" class=\"wp-image-2215\" srcset=\"http:\/\/jungmann-metall.de\/wp-content\/uploads\/2023\/05\/IMG_0638-1030x773.jpg 1030w, http:\/\/jungmann-metall.de\/wp-content\/uploads\/2023\/05\/IMG_0638-300x225.jpg 300w, http:\/\/jungmann-metall.de\/wp-content\/uploads\/2023\/05\/IMG_0638-768x576.jpg 768w, http:\/\/jungmann-metall.de\/wp-content\/uploads\/2023\/05\/IMG_0638-1536x1152.jpg 1536w, http:\/\/jungmann-metall.de\/wp-content\/uploads\/2023\/05\/IMG_0638-2048x1536.jpg 2048w\" sizes=\"auto, (max-width: 1030px) 100vw, 1030px\" \/><\/figure>\n\n\n\n<figure class=\"wp-block-image size-large\"><img loading=\"lazy\" decoding=\"async\" width=\"773\" height=\"1030\" data-id=\"2217\" src=\"http:\/\/jungmann-metall.de\/wp-content\/uploads\/2023\/05\/IMG_0813-773x1030.jpg\" alt=\"\" class=\"wp-image-2217\" srcset=\"http:\/\/jungmann-metall.de\/wp-content\/uploads\/2023\/05\/IMG_0813-773x1030.jpg 773w, http:\/\/jungmann-metall.de\/wp-content\/uploads\/2023\/05\/IMG_0813-225x300.jpg 225w, http:\/\/jungmann-metall.de\/wp-content\/uploads\/2023\/05\/IMG_0813-768x1024.jpg 768w, http:\/\/jungmann-metall.de\/wp-content\/uploads\/2023\/05\/IMG_0813-1152x1536.jpg 1152w, http:\/\/jungmann-metall.de\/wp-content\/uploads\/2023\/05\/IMG_0813-1536x2048.jpg 1536w, http:\/\/jungmann-metall.de\/wp-content\/uploads\/2023\/05\/IMG_0813-scaled.jpg 1920w\" sizes=\"auto, (max-width: 773px) 100vw, 773px\" \/><\/figure>\n\n\n\n<figure class=\"wp-block-image size-large\"><img loading=\"lazy\" decoding=\"async\" width=\"1030\" height=\"773\" data-id=\"2220\" src=\"http:\/\/jungmann-metall.de\/wp-content\/uploads\/2023\/05\/IMG_4422-1030x773.jpg\" alt=\"\" class=\"wp-image-2220\" srcset=\"http:\/\/jungmann-metall.de\/wp-content\/uploads\/2023\/05\/IMG_4422-1030x773.jpg 1030w, http:\/\/jungmann-metall.de\/wp-content\/uploads\/2023\/05\/IMG_4422-300x225.jpg 300w, http:\/\/jungmann-metall.de\/wp-content\/uploads\/2023\/05\/IMG_4422-768x576.jpg 768w, http:\/\/jungmann-metall.de\/wp-content\/uploads\/2023\/05\/IMG_4422-1536x1152.jpg 1536w, http:\/\/jungmann-metall.de\/wp-content\/uploads\/2023\/05\/IMG_4422-2048x1536.jpg 2048w\" sizes=\"auto, (max-width: 1030px) 100vw, 1030px\" \/><\/figure>\n\n\n\n<figure class=\"wp-block-image size-large\"><img loading=\"lazy\" decoding=\"async\" width=\"1030\" height=\"687\" data-id=\"2216\" src=\"http:\/\/jungmann-metall.de\/wp-content\/uploads\/2023\/05\/S1110012-1030x687.jpg\" alt=\"\" class=\"wp-image-2216\" srcset=\"http:\/\/jungmann-metall.de\/wp-content\/uploads\/2023\/05\/S1110012-1030x687.jpg 1030w, http:\/\/jungmann-metall.de\/wp-content\/uploads\/2023\/05\/S1110012-300x200.jpg 300w, http:\/\/jungmann-metall.de\/wp-content\/uploads\/2023\/05\/S1110012-768x512.jpg 768w, http:\/\/jungmann-metall.de\/wp-content\/uploads\/2023\/05\/S1110012-1536x1024.jpg 1536w, http:\/\/jungmann-metall.de\/wp-content\/uploads\/2023\/05\/S1110012-2048x1365.jpg 2048w\" sizes=\"auto, (max-width: 1030px) 100vw, 1030px\" \/><\/figure>\n<\/figure>\n","protected":false},"excerpt":{"rendered":"<p>Sie planen gerade ein Tor, ein Gel\u00e4nder oder eine \u00dcberdachung? Dann lassen Sie den Funken zu uns \u00fcberspringen. Individuelle L\u00f6sungen<\/p>\n","protected":false},"author":1,"featured_media":0,"parent":0,"menu_order":0,"comment_status":"closed","ping_status":"closed","template":"","meta":{"footnotes":""},"class_list":["post-6","page","type-page","status-publish","hentry"],"_links":{"self":[{"href":"http:\/\/jungmann-metall.de\/index.php\/wp-json\/wp\/v2\/pages\/6","targetHints":{"allow":["GET"]}}],"collection":[{"href":"http:\/\/jungmann-metall.de\/index.php\/wp-json\/wp\/v2\/pages"}],"about":[{"href":"http:\/\/jungmann-metall.de\/index.php\/wp-json\/wp\/v2\/types\/page"}],"author":[{"embeddable":true,"href":"http:\/\/jungmann-metall.de\/index.php\/wp-json\/wp\/v2\/users\/1"}],"replies":[{"embeddable":true,"href":"http:\/\/jungmann-metall.de\/index.php\/wp-json\/wp\/v2\/comments?post=6"}],"version-history":[{"count":20,"href":"http:\/\/jungmann-metall.de\/index.php\/wp-json\/wp\/v2\/pages\/6\/revisions"}],"predecessor-version":[{"id":2262,"href":"http:\/\/jungmann-metall.de\/index.php\/wp-json\/wp\/v2\/pages\/6\/revisions\/2262"}],"wp:attachment":[{"href":"http:\/\/jungmann-metall.de\/index.php\/wp-json\/wp\/v2\/media?parent=6"}],"curies":[{"name":"wp","href":"https:\/\/api.w.org\/{rel}","templated":true}]}}